prime factors of 62939.
62939
List the prime factors of 90333.
3, 10037
What are the prime factors of 48077?
131, 367
What are the prime factors of 3029?
13, 233
What are the prime factors of 1813?
7, 37
What are the prime factors of 6402?
2, 3, 11, 97
What are the prime factors of 4282?
2, 2141
List the prime factors of 13.
13
What are the prime factors of 6347?
11, 577
List the prime factors of 36988.
2, 7, 1321
List the prime factors of 39661.
17, 2333
List the prime factors of 3408.
2, 3, 71
What are the prime factors of 35044?
2, 8761
What are the prime factors of 78710?
2, 5, 17, 463
What are the prime factors of 111?
3, 37
What are the prime factors of 6766?
2, 17, 199
What are the prime factors of 320?
2, 5
What are the prime factors of 279?
3, 31
What are the prime factors of 315?
3, 5, 7
List the prime factors of 1429.
1429
What are the prime factors of 951?
3, 317
List the prime factors of 51668.
2, 12917
What are the prime factors of 326?
2, 163
List the prime factors of 5388.
2, 3, 449
What are the prime factors of 104460?
2, 3, 5, 1741
List the prime factors of 10603.
23, 461
What are the prime factors of 2724?
2, 3, 227
List the prime factors of 810.
2, 3, 5
List the prime factors of 30909.
3, 10303
List the prime factors of 2613.
3, 13, 67
What are the prime factors of 14241?
3, 47, 101
What are the prime factors of 1043?
7, 149
List the prime factors of 16844.
2, 4211
What are the prime factors of 6041?
7, 863
What are the prime factors of 60908?
2, 15227
What are the prime factors of 3125?
5
What are the prime factors of 684?
2, 3, 19
List the prime factors of 90402.
2, 3, 13, 19, 61
List the prime factors of 64412.
2, 16103
List the prime factors of 55136.
2, 1723
List the prime factors of 2777.
2777
What are the prime factors of 1290?
2, 3, 5, 43
List the prime factors of 823.
823
What are the prime factors of 1801?
1801
List the prime factors of 17168.
2, 29, 37
List the prime factors of 50910.
2, 3, 5, 1697
What are the prime factors of 1624?
2, 7, 29
What are the prime factors of 767?
13, 59
What are the prime factors of 9419?
9419
What are the prime factors of 2120?
2, 5, 53
What are the prime factors of 4847?
37, 131
List the prime factors of 6490.
2, 5, 11, 59
List the prime factors of 3763.
53, 71
List the prime factors of 323.
17, 19
What are the prime factors of 31683?
3, 59, 179
List the prime factors of 7421.
41, 181
What are the prime factors of 55112?
2, 83
What are the prime factors of 7386?
2, 3, 1231
List the prime factors of 268.
2, 67
List the prime factors of 2525.
5, 101
List the prime factors of 964.
2, 241
What are the prime factors of 1615?
5, 17, 19
List the prime factors of 2277.
3, 11, 23
List the prime factors of 13079.
11, 29, 41
What are the prime factors of 16048?
2, 17, 59
What are the prime factors of 5045?
5, 1009
List the prime factors of 653.
653
What are the prime factors of 2480?
2, 5, 31
List the prime factors of 333.
3, 37
List the prime factors of 261.
3, 29
List the prime factors of 54991.
127, 433
List the prime factors of 21684.
2, 3, 13, 139
List the prime factors of 678.
2, 3, 113
What are the prime factors of 3194?
2, 1597
List the prime factors of 52530.
2, 3, 5, 17, 103
What are the prime factors of 849?
3, 283
What are the prime factors of 6952?
2, 11, 79
List the prime factors of 8566.
2, 4283
What are the prime factors of 1139?
17, 67
What are the prime factors of 6838?
2, 13, 263
List the prime factors of 161.
7, 23
List the prime factors of 4150.
2, 5, 83
List the prime factors of 1519.
7, 31
List the prime factors of 183.
3, 61
What are the prime factors of 11948?
2, 29, 103
What are the prime factors of 4368?
2, 3, 7, 13
List the prime factors of 61247.
73, 839
What are the prime factors of 7908?
2, 3, 659
List the prime factors of 486.
2, 3
List the prime factors of 752.
2, 47
List the prime factors of 1236.
2, 3, 103
What are the prime factors of 114566?
2, 57283
What are the prime factors of 57428?
2, 7, 293
List the prime factors of 35707.
7, 5101
What are the prime factors of 867?
3, 17
What are the prime factors of 7473?
3, 47, 53
What are the prime factors of 646?
2, 17, 19
List the prime factors of 5954.
2, 13, 229
List the prime factors of 2063.
2063
What are the prime factors of 27029?
151, 179
List the prime factors of 506.
2, 11, 23
List the prime factors of 1010.
2, 5, 101
List the prime factors of 9927.
3, 1103
List the prime factors of 1904.
2, 7, 17
What are the prime factors of 7214?
2, 3607
What are the prime factors of 5415?
3, 5, 19
What are the prime factors of 2092?
2, 523
List the prime factors of 33568.
2, 1049
List the prime factors of 42231.
3, 7, 2011
What are the prime factors of 1121?
19, 59
List the prime factors of 4776.
2, 3, 199
List the prime factors of 756.
2, 3, 7
List the prime factors of 11172.
2, 3, 7, 19
What are the prime factors of 131715?
3, 5, 2927
List the prime factors of 55035.
3, 5, 1223
List the prime factors of 37450.
2, 5, 7, 107
List the prime factors of 4871.
4871
List the prime factors of 8128.
2, 127
List the prime factors of 8417.
19, 443
List the prime factors of 2857.
2857
List the prime factors of 649.
11, 59
What are the prime factors of 1202?
2, 601
What are the prime factors of 11948?
2, 29, 103
List the prime factors of 114927.
3, 29, 1321
List the prime factors of 466.
2, 233
List the prime factors of 25564.
2, 7, 11, 83
List the prime factors of 2602.
2, 1301
What are the prime factors of 1412?
2, 353
List the prime factors of 1065.
3, 5, 71
List the prime factors of 45672.
2, 3, 11, 173
List the prime factors of 9253.
19, 487
What are the prime factors of 12487?
12487
List the prime factors of 578.
2, 17
What are the prime factors of 838?
2, 419
What are the prime factors of 24819?
3, 8273
List the prime factors of 2305.
5, 461
List the prime factors of 32523.
3, 37, 293
List the prime factors of 57923.
57923
What are the prime factors of 1670?
2, 5, 167
List the prime factors of 15224.
2, 11, 173
What are the prime factors of 2519?
11, 229
List the prime factors of 7853.
7853
What are the prime factors of 20304?
2, 3, 47
What are the prime factors of 18344?
2, 2293
What are the prime factors of 64107?
3, 17, 419
What are the prime factors of 21935?
5, 41, 107
List the prime factors of 5691.
3, 7, 271
List the prime factors of 46364.
2, 67, 173
What are the prime factors of 50462?
2, 23, 1097
List the prime factors of 190.
2, 5, 19
What are the prime factors of 66756?
2, 3, 5563
What are the prime factors of 803?
11, 73
List the prime factors of 1049.
1049
What are the prime factors of 11723?
19, 617
What are the prime factors of 1646?
2, 823
List the prime factors of 4318.
2, 17, 127
List the prime factors of 4396.
2, 7, 157
List the prime factors of 14324.
2, 3581
List the prime factors of 21568.
2, 337
List the prime factors of 4663.
4663
List the prime factors of 3619.
7, 11, 47
List the prime factors of 31415.
5, 61, 103
List the prime factors of 17909.
17909
What are the prime factors of 1935?
3, 5, 43
What are the prime factors of 5344?
2, 167
List the prime factors of 6811.
7, 139
What are the prime factors of 15837?
3, 5279
List the prime factors of 985.
5, 197
What are the prime factors of 1806?
2, 3, 7, 43
List the prime factors of 52.
2, 13
List the prime factors of 535.
5, 107
List the prime factors of 34576.
2, 2161
List the prime factors of 15491.
7, 2213
What are the prime factors of 5590?
2, 5, 13, 43
List the prime factors of 16078.
2, 8039
List the prime factors of 3375.
3, 5
What are the prime factors of 3441?
3, 31, 37
What are the prime factors of 106167?
3, 43, 823
List the prime factors of 7356.
2, 3, 613
List the prime factors of 17514.
2, 3, 7, 139
List the prime factors of 50949.
3, 17, 37
List the prime factors of 83726.
2, 41863
What are the prime factors of 3319?
3319
What are the prime factors of 17735?
5, 3547
What are the prime factors of 48846?
2, 3, 7, 1163
List the prime factors of 2143.
2143
List the prime factors of 433.
433
What are the prime factors of 160622?
2, 7, 11, 149
What are the prime factors of 270?
2, 3, 5
List the prime factors of 5940.
2, 3, 5, 11
What are the prime factors of 3312?
2, 3, 23
What are the prime factors of 8755?
5, 17, 103
List the pr